 + 66?
334631
In base 7, what is -25446452 + -13?
-25446465
In base 4, what is -111302022 - 3110?
-111311132
In base 7, what is 30 + 3142513?
3142543
In base 13, what is -256 - b551?
-b7a7
In base 14, what is 2 + -68b0a?
-68b08
In base 15, what is 10269 - -d8?
10352
In base 14, what is -902 - -129?
-7b7
In base 4, what is 1023221020330 + 0?
1023221020330
In base 9, what is 45 - 6075803?
-6075747
In base 7, what is 1464354501 + -3?
1464354465
In base 8, what is -1 + 105731501?
105731500
In base 10, what is 353 - 533241?
-532888
In base 7, what is 2 - -63334?
63336
In base 5, what is -3131220341 - 1?
-3131220342
In base 14, what is 60844 + -18?
6082a
In base 14, what is -1 + -21721a9?
-21721aa
In base 14, what is -c113 - 55?
-c168
In base 15, what is -5 + -1195d487?
-1195d48c
In base 16, what is -41a3238 + 4?
-41a3234
In base 8, what is -1311 + -1705?
-3216
In base 4, what is 12 + 102210011110310?
102210011110322
In base 6, what is -10251 - 1303204?
-1313455
In base 2, what is 110100100011100001100 + 110111111?
110100100100011001011
In base 3, what is 120001222201102111 + -11?
120001222201102100
In base 13, what is -852 - -201721?
200b9c
In base 15, what is -2 + ceb5810?
ceb580d
In base 2, what is 100001 + -1111110011101011?
-1111110011001010
In base 10, what is 477 - -51642?
52119
In base 9, what is -2445 - -454?
-1881
In base 9, what is 302 + 1220561?
1220863
In base 14, what is -53895b - 14?
-538971
In base 15, what is 559e02a + -6?
559e024
In base 10, what is -3115 + 437?
-2678
In base 5, what is -3424301323 - 0?
-3424301323
In base 16, what is -176d5747 + -5?
-176d574c
In base 5, what is 124423412 - 44?
124423313
In base 6, what is 25010232 - -12?
25010244
In base 3, what is 110 - -100122011010112?
100122011010222
In base 6, what is 1123 - -155104?
200231
In base 3, what is 22221 + -101000122101?
-101000022110
In base 9, what is 1405641366 - -2?
1405641368
In base 10, what is 299 + -1093025?
-1092726
In base 4, what is -11 - 23030233322?
-23030233333
In base 14, what is -7 - -3cda6a0?
3cda697
In base 5, what is -4313102244 + -2?
-4313102301
In base 2, what is -1111110 + 1101010100100100010?
1101010100010100100
In base 3, what is 102121020210212112 + -2?
102121020210212110
In base 12, what is 46957b + -4ba?
469081
In base 3, what is -2 - -10202221021011?
10202221021002
In base 8, what is -4374300 + -22?
-4374322
In base 4, what is -210120202 + 20030?
-210100112
In base 12, what is 50381 + -9?
50374
In base 8, what is 66 - -561612?
561700
In base 15, what is 76 - ee3563?
-ee34dc
In base 3, what is -21020 + 11111112000?
11111020210
In base 9, what is -227836 + 13267?
-214558
In base 15, what is -131ca - -25b?
-12e6e
In base 6, what is 3 + -433415545?
-433415542
In base 3, what is -102122020102020 - 1?
-102122020102021
In base 15, what is ce8 + -7c94?
-6e9b
In base 6, what is 1023413111 + 12?
1023413123
In base 13, what is 2 + 1558a8bb?
1558a8c0
In base 10, what is -396142 + -1194?
-397336
In base 8, what is -725471 - 144?
-725635
In base 16, what is 174ce91 - 0?
174ce91
In base 11, what is -17313 - 213?
-17526
In base 9, what is 50 + 832144?
832204
In base 3, what is 1022 + -122112101022010?
-122112101020211
In base 8, what is -4770 - -75643?
70653
In base 14, what is -1a0d + a043?
8434
In base 8, what is 4 + 37302075?
37302101
In base 8, what is -423 - 7177146?
-7177571
In base 7, what is -1256 + 44465?
43206
In base 6, what is 2 + 25230102301?
25230102303
In base 13, what is -1408b9 - -4?
-1408b5
In base 7, what is -2 - -4306331522?
4306331520
In base 16, what is -5002ad + -6?
-5002b3
In base 10, what is 40559 - 2?
40557
In base 15, what is 6b9d25 + 4?
6b9d29
In base 9, what is -104112 - -353?
-103648
In base 4, what is -110 + 20221112?
20221002
In base 10, what is 2477 - 892?
1585
In base 6, what is 5 + -133543133?
-133543124
In base 12, what is b71a42 - -4?
b71a46
In base 7, what is 6 + 144416?
144425
In base 3, what is 2 + 221200002102110?
221200002102112
In base 9, what is -6273285 + -1?
-6273286
In base 5, what is 232103 + 1342404?
2130012
In base 16, what is 29352 - -3f?
29391
In base 13, what is 4 + c2b840?
c2b844
In base 2, what is -100011111011100010 + -101010010?
-100100000000110100
In base 6, what is -5303015 - -321?
-5302254
In base 5, what is -4122440 - 224?
-4123214
In base 12, what is -11b05b - -198?
-11aa83
In base 2, what is 1100000100010000000001 + 101?
1100000100010000000110
In base 6, what is -123 + 420351?
420224
In base 11, what is 2708a8 - 6?
2708a2
In base 13, what is -40695 - 2?
-40697
In base 10, what is 1315 - 91771?
-90456
In base 8, what is -34 + 11533466?
11533432
In base 7, what is 224 + 10442421?
10442645
In base 15, what is -8 - 2d4505?
-2d450d
In base 14, what is cd9710 - -2?
cd9712
In base 8, what is -1 - 37207012?
-37207013
In base 6, what is -120250 - 153135?
-313425
In base 2, what is -1000000010101 + 101111011011001100?
101110011010110111
In base 11, what is -3 - 3633a75?
-3633a78
In base 13, what is -3 + -16906790?
-16906793
In base 8, what is 2441 - 276077?
-273436
In base 3, what is 2 - 2220121220200?
-2220121220121
In base 3, what is -12011122220 - -10201102?
-12000221111
In base 6, what is 4 + -2310215?
-2310211
In base 13, what is 8 - 76327?
-7631c
In base 11, what is 4 - -17502a2?
17502a6
In base 12, what is -442 - -8386?
7b44
In base 11, what is -4 - 694017?
-694020
In base 15, what is -28313 - -19a?
-28168
In base 5, what is 131132 + -133013?
-1331
In base 15, what is 3 + 26ac580?
26ac583
In base 11, what is 103817 + 1473?
10518a
In base 5, what is -144401 + -201411?
-401312
In base 8, what is -365 + 7776?
7411
In base 4, what is -31313030131 + -3133?
-31313033330
In base 2, what is -101000001100010011 - -11111011?
-101000001000011000
In base 3, what is 22010102201122 + -2?
22010102201120
In base 9, what is 611332 + -664?
610557
In base 5, what is 20312002 - 23?
20311424
In base 6, what is 3240 - -1052532?
1100212
In base 14, what is -71 - c7b9?
-c84a
In base 2, what is 101100100010101111000111111 - 10?
101100100010101111000111101
In base 13, what is -5482435 - -3?
-5482432
In base 6, what is -1210 - 44102202?
-44103412
In base 4, what is 300200 - 121120?
113020
In base 16, what is 1ff1b850 - -3?
1ff1b853
In base 15, what is 9db - -d83?
186e
In base 3, what is 11101120211111 + 10000?
11101120221111
In base 16, what is 2e - 3eac5?
-3ea97
In base 11, what is 245 - -302a?
3274
In base 7, what is -1531421 + -204?
-1531625
In base 3, what is 202201212 - -122020100?
1101222012
In base 12, what is 101a6b80 - -19?
101a6b99
In base 13, what is -610c5 + 940?
-60485
In base 3, what is 20220010 + -22202210?
-1212200
In base 13, what is 107 - 7c8a?
-7b83
In base 5, what is 10111 + 22203233?
22213344
In base 6, what is 2144145345 - 3?
2144145342
In base 8, what is 211 - -45774215?
45774426
In base 15, what is -136e1d7b + 1?
-136e1d7a
In base 11, what is 1 - -a1672021?
a1672022
In base 2, what is -111111101011 - -110001001011011?
101001001110000
In base 7, what is 111 + -11404220?
-11404106
In base 3, what is -100102210 + 101120120?
1010210
In base 5, what is -1014023141 - -1?
-1014023140
In base 11, what is 2184a7 - -9?
218505
In base 3, what is 11021020000 - -110100?
11021200100
In base 3, what is -211121100002002 - -2?
-211121100002000
In base 8, what is 254304426 + 2?
254304430
In base 7, what is -5136511 + -3?
-5136514
In base 14, what is -75 - -26c679?
26c604
In base 9, what is 2 - 876270?
-876267
In base 5, what is -240401 - 1411444?
-2202400
In base 6, what is -3051544 + -2314?
-3054302
In base 11, what is -6a787 + -137?
-6a913
In base 3, what is 10 + 11121012201000?
11121012201010
In base 15, what is -52a - -56992?
56467
In base 11, what is -317 - a16576?
-a16892
In base 7, what is 20614 + -42604?
-21660
In base 4, what is 112011 + -3132030?
-3020013
In base 13, what is -1b15 + 1b20?
8
In base 2, what is 1110010100100111011 + 1110010010?
1110010110011001101
In base 4, what is 120002300120222 + 0?
120002300120222
In base 15, what is 7e6 + -36c53?
-3645c
In base 4, what is 32201001330201 - 0?
32201001330201
In base 5, what is 33430333 - 104?
33430224
In base 15, what is 19c4 + -13497?
-119c3
In base 8, what is -7331252 - 4?
-7331256
In base 2, what is 10001101010100100000101000 + -101?
10001101010